 4/(-18) - (-166)/y.
3
Let w(d) be the first derivative of -d**4/4 - 2*d**3 + d**2/2 + 6*d + 4. Let i be w(-6). Let m(y) = y**2 + y + 6. List the prime factors of m(i).
2, 3
Let a = -4 - -1. Let i be 0/(1 + 0 + a). Let l = i - -2. What are the prime factors of l?
2
Suppose 16 = s + 3*s. Suppose 2*i + i - 6 = 0. Let l = i + s. What are the prime factors of l?
2, 3
Let g(w) = -w**2 - 13*w - 5. Let y be g(-12). Let t = 7 + -10. Let c = y + t. What are the prime factors of c?
2
Let s = -136 - -284. What are the prime factors of s?
2, 37
Suppose -2*m + z = -137, -4*z = -4*m - z + 279. What are the prime factors of m?
2, 3, 11
Suppose -3*p + 101 = 2*v, -13 = -5*v + 5*p + 177. Suppose 79 = 2*d - 3*m, -m = -d + 4*m + v. What are the prime factors of d?
2, 19
Let m = -96 - -138. Let t = -30 + m. Let l = t + 1. List the prime factors of l.
13
Suppose -2*v = 14 - 110. Suppose -c - v = -3*c. List the prime factors of c.
2, 3
Suppose 5*s + 83 = 4*h + 18, 4*h = -s + 59. List the prime factors of (h - 2) + (-2)/2.
2, 3
Let x(y) = y**3 + 11*y**2 + 10*y + 13. Let v(q) = -q**2 + 10*q + 9. Let s be v(8). Let r = s - 35. List the prime factors of x(r).
13
List the prime factors of (2/15 - (-10)/(-75)) + 19.
19
Let a(l) = -l**3 + 5*l**2 + 5. Let j be a(5). Suppose 0 = j*v + 17 - 7. What are the prime factors of (-2 - 4*-2) + v?
2
Let j(f) = -8*f**3 - 3*f**2 + 3*f. List the prime factors of j(-3).
2, 3, 5
Let i(t) = t - 3. Let j be i(0). Let z be (-112)/12*j/2. Let c = z - -7. List the prime factors of c.
3, 7
Let t(f) = f**3 - f**2 - 3*f + 2. Let n be (-12)/(-9) - (-4)/6. Let o = n - -1. What are the prime factors of t(o)?
11
Let n(m) = -17*m - 7. List the prime factors of n(-2).
3
Let u(w) = 11*w**2 - w + 6. List the prime factors of u(-3).
2, 3
Let w(x) = -x**3 + 16*x**2 - 16*x - 48. List the prime factors of w(14).
2, 3, 5
Let a(q) be the third derivative of q**4/8 - 2*q**3/3 + 2*q**2. List the prime factors of a(4).
2
Let t(d) = d**2 + 4*d + 3. Let f be t(-2). Let u(s) = -4*s. Let k be u(f). List the prime factors of (-37)/(-7) - k/14.
5
Suppose -4*v + 7*t = 2*t - 62, -20 = -2*v - 3*t. What are the prime factors of v?
13
Let p = -2 - -4. Suppose p*j = j + 2. Suppose 0 = 4*c + 5*x - 43, 5*c = -j*x - 20 + 61. What are the prime factors of c?
7
Let h(z) be the first derivative of -z**4/4 - z**3 - 3*z + 1. List the prime factors of h(-4).
13
Let w be 1/(-4) + (-21)/(-4). Suppose 20 = 5*r - 2*t, 2*r + 12 = w*r + 3*t. Suppose -4 + 3 = 2*s - 5*d, 5*s = -r*d + 80. List the prime factors of s.
2, 3
Suppose -2*w = 5*v + w - 1057, 4*v = -3*w + 845. List the prime factors of v.
2, 53
Let t(c) = -c**2 - 10*c - 4. Let p be t(-8). Suppose p = -4*u - 0*u. Let x = -1 - u. List the prime factors of x.
2
Let q(j) = 6*j + 3. List the prime factors of q(3).
3, 7
Let r = 217 - 120. List the prime factors of r.
97
Let k = -29 + 31. Let v = -13 - -21. Suppose k = 5*a - v. List the prime factors of a.
2
Let r(m) = -m + 6. Suppose 0 = 6*i - 3*i. Let q be r(i). What are the prime factors of 1 + 2 - q - -7?
2
Let h be (-8)/(-4)*1*12. Let r = 30 - h. List the prime factors of r.
2, 3
Let b(r) = -13*r**3 + 2*r**2 - 1. Let y be b(-1). Let w = y - 5. List the prime factors of w.
3
Suppose 5*f = 2*f + 48. Suppose 3*a + a + f = 0, 0 = 3*c + 2*a - 4. List the prime factors of -2 + c - 8/(-4).
2
Let c be -3 - (2*-2)/2. Let r = -4 - c. Let b = 6 + r. List the prime factors of b.
3
Let x(m) = -m**2 - 10*m + 6. Let c = 25 + -15. Suppose f = -0*f - c. What are the prime factors of x(f)?
2, 3
Let v = 49 + -25. List the prime factors of v.
2, 3
Suppose 131 - 31 = 4*z. List the prime factors of z.
5
List the prime factors of 117*(-3)/(-18)*2.
3, 13
Let u(k) be the first derivative of -k**2/2 + 7*k - 1. Let r be u(9). Let b(i) = -i + 1. What are the prime factors of b(r)?
3
Suppose -5*y - 3*h + 53 = 0, 10 = y - 2*h - 11. Let a = 26 - y. What are the prime factors of a?
13
Let o(y) = 2*y**3 + 2 - 16 + y**3 - 9*y - 7*y**2. Let f(u) = 4*u**3 - 11*u**2 - 13*u - 21. Let c(j) = 5*f(j) - 7*o(j). List the prime factors of c(-6).
5
Let b(l) = 0*l**3 - 6 - 10*l**2 - 5 - l**3 - 2*l. Let i(u) = -3*u + 8. Let g be i(6). List the prime factors of b(g).
3
Suppose 6*r - 3*r = -78. Let i = -12 - r. List the prime factors of i.
2, 7
Suppose 120 = 2*n - 0*n. Suppose 0 = -4*u - 0*u + n. What are the prime factors of u?
3, 5
Let i be 18/15*(-20)/(-6). Suppose -52 - 80 = i*u. Let j = u - -51. List the prime factors of j.
2, 3
What are the prime factors of ((848 + 1)*(-7)/(-21))/1?
283
Suppose 0 = 4*f + 3*v + 3, 24 - 10 = 3*f - v. Suppose -f*y = -6*y + 15. Suppose 2*b = 3*b + t - 23, -y*b = -4*t - 70. List the prime factors of b.
2, 3
Let t(k) = 9*k + 2. Let v be t(7). Suppose -5*d = -v - 95. What are the prime factors of d?
2
Suppose -5*g + 1 = -2*g - 4*u, 4*g - 2 = 5*u. What are the prime factors of g/(-9) - (-19)/3?
2, 3
List the prime factors of 61 - (0/3 + 2).
59
Suppose -4*t = 5*v - 30, 0*v + 5*t = -4*v + 33. Suppose -j + 4 = v. List the prime factors of j.
2
Let o be (-21)/(2/((-4)/3)). Suppose 2*r = r + o. List the prime factors of r.
2, 7
Suppose -8*s + 20 = -3*s. Suppose -n - 6 = -c, 0 = -4*n - 4 - s. Suppose -p - 2*p - 18 = -3*b, 0 = -c*b - 2*p + 24. List the prime factors of b.
2, 3
Suppose -4*z + 219 = 19. List the prime factors of z.
2, 5
List the prime factors of (1 - 32/1)/(-1).
31
Suppose 80 - 13 = w. List the prime factors of w.
67
Let w(l) = -l**2 + 9*l - 6. Suppose -5*g + 9 = -2*c - 23, -5*g = 4*c - 56. Let i be w(g). List the prime factors of 66/14 - i/(-7).
5
Suppose -421 = -2*c - 127. List the prime factors of c.
3, 7
Suppose h - 4*t - t = 42, 4*t - 69 = -h. List the prime factors of h.
3, 19
Let s = 11 + -4. Let k(p) = 6*p + 1. Let x be k(-1). Let q = s + x. What are the prime factors of q?
2
Suppose 0 = -5*p + 4*i + 190, 2*p - 2*i + 38 = 3*p. Let a = -5 + p. List the prime factors of a.
3, 11
Let s = 7 + -5. Let j(y) = -2*y**3 - 2*y**2 + 2*y. Let d be j(s). List the prime factors of 1/3 + d/(-3).
7
Let l be 32 - ((-6)/3 + 1). Suppose 0 = -2*r + d - 2*d + l, 45 = 2*r + 5*d. Suppose -r = -4*y + 1. List the prime factors of y.
2
List the prime factors of ((-208)/(-20))/(2/5).
2, 13
Let o be ((-2)/(-1))/((-1)/3). Let g be o + (-1 + 0)*2. Let h = g + 11. List the prime factors of h.
3
Let k = 9 + -6. Suppose -4*r + k*o = -23, -r + 16 = 3*r + 4*o. List the prime factors of r.
5
Let v(j) = -j**3 + 30*j**2 + 6*j + 15. List the prime factors of v(30).
3, 5, 13
Let x(u) = 4*u. Let p(f) = 9*f - 1. Let a(t) = 6*p(t) - 13*x(t). Let n be a(4). Suppose 2*m = w - 4, -6*w + 2*w = n*m - 46. What are the prime factors of w?
2, 5
Suppose 2*p = 3*p - 3. Suppose -2107 = p*a + 1181. What are the prime factors of a/(-72) - (-4)/(-18)?
3, 5
Let g(r) = -r + 5. Suppose 0 = -x + 3*d - 5, -x = x - d. Let w be 0/(1*(0 - x)). List the prime factors of g(w).
5
Let s(k) = 2*k**2 - 5*k - 6. List the prime factors of s(5).
19
Let n(w) = 4*w**3 - w**2 + 2*w. Let v be n(2). Suppose v = 3*l + l. What are the prime factors of 86/8 - (-2)/l?
11
Let q(c) = -26*c + 3. List the prime factors of q(-1).
29
Let y = 51 - 17. List the prime factors of y.
2, 17
Suppose 5*g + 5*w - 1 - 14 = 0, 4*g - 3*w = -9. Suppose g = -2*c - 3*c + 20. What are the prime factors of c?
2
Let f be ((-9)/4)/((-3)/8). Suppose -c = -2*c + 9. Suppose -c = -5*d + f. List the prime factors of d.
3
Suppose 3*z = -3*w + 57, -5*w + 4*z - 59 = -8*w. List the prime factors of w.
17
Let i(q) = 22*q**3 + 2*q**2 - 2*q + 1. Let a be i(1). Let p = a - 12. List the prime factors of p.
11
Let f = -49 + 77. What are the prime factors of f?
2, 7
Suppose 0 = 5*p - 0*p - 15. Let j be 6*p*1/6. Suppose -48 = -7*l + j*l. List the prime factors of l.
2, 3
Suppose -2*i = -3*i + 80. What are the prime factors of i?
2, 5
Suppose -4*f + f = -3*z + 510, -4*z + 2*f = -684. Suppose -5*r - z + 42 = 0. Let o = r + 36. What are the prime factors of o?
2, 5
List the prime factors of (1 - -2) + 52*(-6)/(-4).
3
Suppose -3*s = 4*c - 58, -54 = -3*c + 2*s + s. Suppose 0 = -0*w + 2*w + c. What are the prime factors of w/(-28) - 26/(-7)?
2
What are the prime factors of (-10)/(-15) - 94/(-3)?
2
Suppose -46 = -4*r - 2*s, 2*r = 4*s + 50 - 12. List the prime factors of r.
13
Suppose -2*h - 5*q = -278, 2*q = 2